{"id":1631,"date":"2017-05-22T14:48:35","date_gmt":"2017-05-22T14:48:35","guid":{"rendered":"http:\/\/atmosphere.edge-themes.com\/?page_id=1631"},"modified":"2021-12-13T21:21:07","modified_gmt":"2021-12-13T18:21:07","slug":"contact-form","status":"publish","type":"page","link":"https:\/\/basit.co\/index.php\/contact-form\/","title":{"rendered":"Contact Form"},"content":{"rendered":"<p>[vc_row enable_hue_rotation=&#8221;no&#8221; enable_text_marquee=&#8221;no&#8221;][vc_column]<p class=\"wpcf7-contact-form-not-found\"><strong>Hata:<\/strong> \u0130leti\u015fim formu bulunamad\u0131.<\/p>[\/vc_column][\/vc_row]<\/p>\n","protected":false},"excerpt":{"rendered":"<p>[vc_row enable_hue_rotation=&#8221;no&#8221; enable_text_marquee=&#8221;no&#8221;][vc_column][\/vc_column][\/vc_row]<\/p>\n","protected":false},"author":1,"featured_media":0,"parent":0,"menu_order":0,"comment_status":"closed","ping_status":"closed","template":"full-width.php","meta":{"footnotes":""},"class_list":["post-1631","page","type-page","status-publish","hentry"],"_links":{"self":[{"href":"https:\/\/basit.co\/index.php\/wp-json\/wp\/v2\/pages\/1631","targetHints":{"allow":["GET"]}}],"collection":[{"href":"https:\/\/basit.co\/index.php\/wp-json\/wp\/v2\/pages"}],"about":[{"href":"https:\/\/basit.co\/index.php\/wp-json\/wp\/v2\/types\/page"}],"author":[{"embeddable":true,"href":"https:\/\/basit.co\/index.php\/wp-json\/wp\/v2\/users\/1"}],"replies":[{"embeddable":true,"href":"https:\/\/basit.co\/index.php\/wp-json\/wp\/v2\/comments?post=1631"}],"version-history":[{"count":9,"href":"https:\/\/basit.co\/index.php\/wp-json\/wp\/v2\/pages\/1631\/revisions"}],"predecessor-version":[{"id":4391,"href":"https:\/\/basit.co\/index.php\/wp-json\/wp\/v2\/pages\/1631\/revisions\/4391"}],"wp:attachment":[{"href":"https:\/\/basit.co\/index.php\/wp-json\/wp\/v2\/media?parent=1631"}],"curies":[{"name":"wp","href":"https:\/\/api.w.org\/{rel}","templated":true}]}}